{"id":12,"date":"2021-11-30T12:29:46","date_gmt":"2021-11-30T11:29:46","guid":{"rendered":"https:\/\/server918734.nazwa.pl\/wordpress\/wpn_pierwszainstalacja\/?page_id=12"},"modified":"2025-11-27T13:25:58","modified_gmt":"2025-11-27T12:25:58","slug":"tworz-swoja-witryne-za-pomoca-blokow","status":"publish","type":"page","link":"https:\/\/dobros\u0142aw.pl\/","title":{"rendered":"Witamy na stronie Stowarzyszenia Charytatywnego \u201eDobros\u0142aw\u201d"},"content":{"rendered":"\r\n<div class=\"wp-block-columns is-layout-flex wp-container-core-columns-is-layout-9d6595d7 wp-block-columns-is-layout-flex\">\r\n<div class=\"wp-block-column is-layout-flow wp-block-column-is-layout-flow\" style=\"flex-basis: 100%;\">\r\n<p class=\"has-text-align-center\">Stowarzyszenie dzia\u0142a na podstawie zezwolenia na zbi\u00f3rk\u0119 publiczn\u0105 wydanego przez MSWiA <strong>2019\/244\/OR<\/strong><\/p>\r\n<\/div>\r\n<\/div>\r\n\r\n\r\n\r\n<div class=\"wp-block-columns is-layout-flex wp-container-core-columns-is-layout-9d6595d7 wp-block-columns-is-layout-flex\">\r\n<div class=\"wp-block-column is-layout-flow wp-block-column-is-layout-flow\" style=\"flex-basis: 100%;\">\r\n<p class=\"has-text-align-center\"><strong>Bank PKO BP o\/Lublin <br \/>37 1020 3147 0000 8802 0101 1675 <\/strong><\/p>\r\n<\/div>\r\n<\/div>\r\n\r\n\r\n\r\n<h3 class=\"wp-block-heading alignwide has-text-align-center has-text-align-wide has-gigantic-font-size\" style=\"line-height: 1.1;\">Zbi\u00f3rka 2019\/244\/OR<\/h3>\r\n\r\n\r\n\r\n<h3 class=\"wp-block-heading alignwide has-text-align-center has-text-align-wide has-gigantic-font-size\" style=\"line-height: 1.1;\">ma charakter permanentny<\/h3>\r\n\r\n\r\n\r\n<p class=\"has-text-align-center\">czyli trwa a\u017c do odwo\u0142ania,prosz\u0119 nie myli\u0107 daty wydania w 2019 roku z okresem trwania. SCHD ca\u0142y czas dzia\u0142a na jej podstawie.<\/p>\r\n\r\n\r\n\r\n<div class=\"wp-block-spacer\" style=\"height: 100px;\" aria-hidden=\"true\">\u00a0<\/div>\r\n\r\n\r\n\r\n<div class=\"wp-block-columns alignwide are-vertically-aligned-center is-style-twentytwentyone-columns-overlap is-layout-flex wp-container-core-columns-is-layout-9d6595d7 wp-block-columns-is-layout-flex\">\r\n<div class=\"wp-block-column is-vertically-aligned-center is-layout-flow wp-block-column-is-layout-flow\">\r\n<div class=\"wp-block-spacer\" style=\"height: 100px;\" aria-hidden=\"true\">\u00a0<\/div>\r\n\r\n\r\n\r\n<figure class=\"wp-block-image alignfull size-full is-style-twentytwentyone-image-frame\"><img decoding=\"async\" class=\"wp-image-177\" src=\"https:\/\/dobros\u0142aw.pl\/wp-content\/uploads\/2024\/01\/foto-1.png\" alt=\"\" \/><\/figure>\r\n\r\n\r\n\r\n<figure class=\"wp-block-image alignfull size-full\"><img loading=\"lazy\" decoding=\"async\" width=\"840\" height=\"1600\" class=\"wp-image-224\" src=\"https:\/\/dobros\u0142aw.pl\/wp-content\/uploads\/2024\/07\/IMG-20240621-WA0002.jpg\" alt=\"\" srcset=\"https:\/\/dobros\u0142aw.pl\/wp-content\/uploads\/2024\/07\/IMG-20240621-WA0002.jpg 840w, https:\/\/dobros\u0142aw.pl\/wp-content\/uploads\/2024\/07\/IMG-20240621-WA0002-158x300.jpg 158w, https:\/\/dobros\u0142aw.pl\/wp-content\/uploads\/2024\/07\/IMG-20240621-WA0002-538x1024.jpg 538w, https:\/\/dobros\u0142aw.pl\/wp-content\/uploads\/2024\/07\/IMG-20240621-WA0002-768x1463.jpg 768w, https:\/\/dobros\u0142aw.pl\/wp-content\/uploads\/2024\/07\/IMG-20240621-WA0002-806x1536.jpg 806w\" sizes=\"auto, (max-width: 840px) 100vw, 840px\" \/><\/figure>\r\n<\/div>\r\n\r\n\r\n\r\n<div class=\"wp-block-column is-vertically-aligned-center is-layout-flow wp-block-column-is-layout-flow\">\r\n<div class=\"wp-block-spacer\" style=\"height: 100px;\" aria-hidden=\"true\">\u00a0<\/div>\r\n\r\n\r\n\r\n<figure class=\"wp-block-image size-large alignfull size-full is-style-twentytwentyone-border\"><img loading=\"lazy\" decoding=\"async\" width=\"768\" height=\"1024\" class=\"wp-image-140\" src=\"https:\/\/dobros\u0142aw.pl\/wp-content\/uploads\/2023\/05\/IMG-20220803-WA0002-768x1024.jpg\" alt=\"\" srcset=\"https:\/\/dobros\u0142aw.pl\/wp-content\/uploads\/2023\/05\/IMG-20220803-WA0002-768x1024.jpg 768w, https:\/\/dobros\u0142aw.pl\/wp-content\/uploads\/2023\/05\/IMG-20220803-WA0002-225x300.jpg 225w, https:\/\/dobros\u0142aw.pl\/wp-content\/uploads\/2023\/05\/IMG-20220803-WA0002-1152x1536.jpg 1152w, https:\/\/dobros\u0142aw.pl\/wp-content\/uploads\/2023\/05\/IMG-20220803-WA0002.jpg 1200w\" sizes=\"auto, (max-width: 768px) 100vw, 768px\" \/>\r\n<figcaption class=\"wp-element-caption\">Szymon<br \/><img loading=\"lazy\" decoding=\"async\" class=\"alignnone size-full wp-image-317\" src=\"https:\/\/dobros\u0142aw.pl\/wp-content\/uploads\/apel-szymon.png\" alt=\"\" width=\"1294\" height=\"1878\" srcset=\"https:\/\/dobros\u0142aw.pl\/wp-content\/uploads\/apel-szymon.png 1294w, https:\/\/dobros\u0142aw.pl\/wp-content\/uploads\/apel-szymon-207x300.png 207w, https:\/\/dobros\u0142aw.pl\/wp-content\/uploads\/apel-szymon-706x1024.png 706w, https:\/\/dobros\u0142aw.pl\/wp-content\/uploads\/apel-szymon-768x1115.png 768w, https:\/\/dobros\u0142aw.pl\/wp-content\/uploads\/apel-szymon-1058x1536.png 1058w, https:\/\/dobros\u0142aw.pl\/wp-content\/uploads\/apel-szymon-1200x1742.png 1200w\" sizes=\"auto, (max-width: 1294px) 100vw, 1294px\" \/><\/figcaption>\r\n<\/figure>\r\n<\/div>\r\n<\/div>\r\n\r\n\r\n\r\n<figure class=\"wp-block-image size-large\"><img loading=\"lazy\" decoding=\"async\" width=\"724\" height=\"1024\" class=\"wp-image-127\" src=\"https:\/\/xn--dobrosaw-cpb.pl\/wp-content\/uploads\/2022\/07\/apel1-1-724x1024.jpg\" alt=\"\" srcset=\"https:\/\/dobros\u0142aw.pl\/wp-content\/uploads\/2022\/07\/apel1-1-724x1024.jpg 724w, https:\/\/dobros\u0142aw.pl\/wp-content\/uploads\/2022\/07\/apel1-1-212x300.jpg 212w, https:\/\/dobros\u0142aw.pl\/wp-content\/uploads\/2022\/07\/apel1-1-768x1086.jpg 768w, https:\/\/dobros\u0142aw.pl\/wp-content\/uploads\/2022\/07\/apel1-1-1086x1536.jpg 1086w, https:\/\/dobros\u0142aw.pl\/wp-content\/uploads\/2022\/07\/apel1-1-1448x2048.jpg 1448w, https:\/\/dobros\u0142aw.pl\/wp-content\/uploads\/2022\/07\/apel1-1-1200x1697.jpg 1200w, https:\/\/dobros\u0142aw.pl\/wp-content\/uploads\/2022\/07\/apel1-1.jpg 1654w\" sizes=\"auto, (max-width: 724px) 100vw, 724px\" \/><img loading=\"lazy\" decoding=\"async\" class=\"alignnone size-full wp-image-311\" src=\"https:\/\/dobros\u0142aw.pl\/wp-content\/uploads\/APEL-A4-IGOR.jpg\" alt=\"\" width=\"1000\" height=\"1417\" srcset=\"https:\/\/dobros\u0142aw.pl\/wp-content\/uploads\/APEL-A4-IGOR.jpg 1000w, https:\/\/dobros\u0142aw.pl\/wp-content\/uploads\/APEL-A4-IGOR-212x300.jpg 212w, https:\/\/dobros\u0142aw.pl\/wp-content\/uploads\/APEL-A4-IGOR-723x1024.jpg 723w, https:\/\/dobros\u0142aw.pl\/wp-content\/uploads\/APEL-A4-IGOR-768x1088.jpg 768w\" sizes=\"auto, (max-width: 1000px) 100vw, 1000px\" \/><\/figure>\r\n\r\n\r\n\r\n<div class=\"wp-block-spacer\" style=\"height: 50px;\" aria-hidden=\"true\"><img loading=\"lazy\" decoding=\"async\" width=\"1024\" height=\"826\" class=\"wp-image-221\" style=\"font-family: 'Inter var', -apple-system, BlinkMacSystemFont, 'Helvetica Neue', Helvetica, sans-serif; letter-spacing: -0.015em;\" src=\"https:\/\/dobros\u0142aw.pl\/wp-content\/uploads\/2024\/07\/IMG-20240727-WA0007-1-1024x826.jpg\" alt=\"\" srcset=\"https:\/\/dobros\u0142aw.pl\/wp-content\/uploads\/2024\/07\/IMG-20240727-WA0007-1-1024x826.jpg 1024w, https:\/\/dobros\u0142aw.pl\/wp-content\/uploads\/2024\/07\/IMG-20240727-WA0007-1-300x242.jpg 300w, https:\/\/dobros\u0142aw.pl\/wp-content\/uploads\/2024\/07\/IMG-20240727-WA0007-1-768x620.jpg 768w, https:\/\/dobros\u0142aw.pl\/wp-content\/uploads\/2024\/07\/IMG-20240727-WA0007-1-1536x1239.jpg 1536w, https:\/\/dobros\u0142aw.pl\/wp-content\/uploads\/2024\/07\/IMG-20240727-WA0007-1-1200x968.jpg 1200w, https:\/\/dobros\u0142aw.pl\/wp-content\/uploads\/2024\/07\/IMG-20240727-WA0007-1.jpg 1600w\" sizes=\"auto, (max-width: 1024px) 100vw, 1024px\" \/><\/div>\r\n\r\n\r\n\r\n<div class=\"wp-block-spacer\" style=\"height: 100px;\" aria-hidden=\"true\">\u00a0<\/div>\r\n<p>&nbsp;<\/p>\r\n","protected":false},"excerpt":{"rendered":"<p>Stowarzyszenie dzia\u0142a na podstawie zezwolenia na zbi\u00f3rk\u0119 publiczn\u0105 wydanego przez MSWiA 2019\/244\/OR Bank PKO BP o\/Lublin 37 1020 3147 0000 8802 0101 1675 Zbi\u00f3rka 2019\/244\/OR ma charakter permanentny czyli trwa a\u017c do odwo\u0142ania,prosz\u0119 nie myli\u0107 daty wydania w 2019 roku z okresem trwania. SCHD ca\u0142y czas dzia\u0142a na jej podstawie.<\/p>\n","protected":false},"author":1,"featured_media":0,"parent":0,"menu_order":0,"comment_status":"closed","ping_status":"closed","template":"","meta":{"footnotes":""},"class_list":["post-12","page","type-page","status-publish","hentry"],"_links":{"self":[{"href":"https:\/\/dobros\u0142aw.pl\/index.php?rest_route=\/wp\/v2\/pages\/12","targetHints":{"allow":["GET"]}}],"collection":[{"href":"https:\/\/dobros\u0142aw.pl\/index.php?rest_route=\/wp\/v2\/pages"}],"about":[{"href":"https:\/\/dobros\u0142aw.pl\/index.php?rest_route=\/wp\/v2\/types\/page"}],"author":[{"embeddable":true,"href":"https:\/\/dobros\u0142aw.pl\/index.php?rest_route=\/wp\/v2\/users\/1"}],"replies":[{"embeddable":true,"href":"https:\/\/dobros\u0142aw.pl\/index.php?rest_route=%2Fwp%2Fv2%2Fcomments&post=12"}],"version-history":[{"count":21,"href":"https:\/\/dobros\u0142aw.pl\/index.php?rest_route=\/wp\/v2\/pages\/12\/revisions"}],"predecessor-version":[{"id":318,"href":"https:\/\/dobros\u0142aw.pl\/index.php?rest_route=\/wp\/v2\/pages\/12\/revisions\/318"}],"wp:attachment":[{"href":"https:\/\/dobros\u0142aw.pl\/index.php?rest_route=%2Fwp%2Fv2%2Fmedia&parent=12"}],"curies":[{"name":"wp","href":"https:\/\/api.w.org\/{rel}","templated":true}]}}