{"id":13,"date":"2021-11-30T12:29:46","date_gmt":"2021-11-30T11:29:46","guid":{"rendered":"https:\/\/server918734.nazwa.pl\/wordpress\/wpn_pierwszainstalacja\/?page_id=13"},"modified":"2025-07-30T08:36:34","modified_gmt":"2025-07-30T06:36:34","slug":"informacje","status":"publish","type":"page","link":"https:\/\/dobros\u0142aw.pl\/?page_id=13","title":{"rendered":"Prosimy o wsparcie naszych podopiecznych z dopiskiem dla danego dziecka"},"content":{"rendered":"\r\n<p>Dominik Tch\u00f3rzewski<\/p>\r\n\r\n\r\n\r\n<p><strong>K<\/strong>ornelia <strong>L<\/strong>ig\u0119cka<\/p>\r\n\r\n\r\n\r\n<p><strong>S<\/strong>zymon <strong>Sz<\/strong>ewczyk<\/p>\r\n\r\n\r\n\r\n<p><strong>K<\/strong>arolina <strong>Z<\/strong>ygmunt<\/p>\r\n\r\n\r\n\r\n<p><strong>A<\/strong>rtur <strong>Z<\/strong>ujko<\/p>\r\n\r\n\r\n\r\n<p><strong>F<\/strong>ilip <strong>K<\/strong>unda<\/p>\r\n\r\n\r\n\r\n<p><strong>K<\/strong>laudia <strong>K<\/strong>limek<\/p>\r\n\r\n\r\n\r\n<p><strong>P<\/strong>awe\u0142ek <strong>M<\/strong>akowski<\/p>\r\n\r\n\r\n\r\n<p><strong>K<\/strong>rzysztof <strong>K<\/strong>arpi\u0144ski<\/p>\r\n\r\n\r\n\r\n<p><strong>F<\/strong>ilip <strong>J<\/strong>ab\u0142o\u0144ski<\/p>\r\n\r\n\r\n\r\n<p class=\"has-primary-color has-text-color\"><strong>K<\/strong>amil <strong>O<\/strong>bara<\/p>\r\n<p><strong>Leon<\/strong> <strong>R<\/strong>ac\u0142awski <\/p>\r\n<p>Igor Kami\u0144ski<\/p>\r\n<p><img loading=\"lazy\" decoding=\"async\" class=\"alignnone wp-image-281 size-large\" src=\"https:\/\/dobros\u0142aw.pl\/wp-content\/uploads\/IMG-1-724x1024.jpg\" alt=\"Leon\" width=\"580\" height=\"820\" srcset=\"https:\/\/dobros\u0142aw.pl\/wp-content\/uploads\/IMG-1-724x1024.jpg 724w, https:\/\/dobros\u0142aw.pl\/wp-content\/uploads\/IMG-1-212x300.jpg 212w, https:\/\/dobros\u0142aw.pl\/wp-content\/uploads\/IMG-1-106x150.jpg 106w, https:\/\/dobros\u0142aw.pl\/wp-content\/uploads\/IMG-1-768x1086.jpg 768w, https:\/\/dobros\u0142aw.pl\/wp-content\/uploads\/IMG-1.jpg 1080w\" sizes=\"auto, (max-width: 580px) 100vw, 580px\" \/><\/p>\r\n<p>&nbsp;<\/p>\r\n\r\n\r\n\r\n<p>Wszystkich opiekun\u00f3w ,kt\u00f3rych sytuacja \u017cyciowa<br \/>wymaga pomocy,z tytu\u0142u niepe\u0142nosprawno\u015bci<br \/>ruchowej swojego dziecka,braku \u015brodk\u00f3w na leczenie<br \/>lub rehabilitacje,prosimy o kontakt ; mail &#8211; dobroslaw2014@wp.pl lub listownie na adres; 20-306 Lublin,ul. Firlejowska 32<\/p>\r\n\r\n\r\n\r\n<figure class=\"wp-block-gallery has-nested-images columns-default is-cropped wp-block-gallery-1 is-layout-flex wp-block-gallery-is-layout-flex\">\r\n<figure class=\"wp-block-image size-large\"><img loading=\"lazy\" decoding=\"async\" width=\"1024\" height=\"826\" data-id=\"221\" class=\"wp-image-221\" src=\"https:\/\/dobros\u0142aw.pl\/wp-content\/uploads\/2024\/07\/IMG-20240727-WA0007-1-1024x826.jpg\" alt=\"\" srcset=\"https:\/\/dobros\u0142aw.pl\/wp-content\/uploads\/2024\/07\/IMG-20240727-WA0007-1-1024x826.jpg 1024w, https:\/\/dobros\u0142aw.pl\/wp-content\/uploads\/2024\/07\/IMG-20240727-WA0007-1-300x242.jpg 300w, https:\/\/dobros\u0142aw.pl\/wp-content\/uploads\/2024\/07\/IMG-20240727-WA0007-1-768x620.jpg 768w, https:\/\/dobros\u0142aw.pl\/wp-content\/uploads\/2024\/07\/IMG-20240727-WA0007-1-1536x1239.jpg 1536w, https:\/\/dobros\u0142aw.pl\/wp-content\/uploads\/2024\/07\/IMG-20240727-WA0007-1-1200x968.jpg 1200w, https:\/\/dobros\u0142aw.pl\/wp-content\/uploads\/2024\/07\/IMG-20240727-WA0007-1.jpg 1600w\" sizes=\"auto, (max-width: 1024px) 100vw, 1024px\" \/>\r\n<figcaption class=\"wp-element-caption\">Dominik dzi\u0119ki naszym akcjom i Pa\u0144stwa wsparciu,ci\u0105gle robi post\u0119py.Rehabilitacja przebiega prawid\u0142owo,podejmujemy te\u017c nast\u0119pny etap leczenia.<\/figcaption>\r\n<\/figure>\r\n<\/figure>\r\n\r\n\r\n\r\n<figure class=\"wp-block-gallery has-nested-images columns-default is-cropped wp-block-gallery-2 is-layout-flex wp-block-gallery-is-layout-flex\">\r\n<figure class=\"wp-block-image size-large\"><img loading=\"lazy\" decoding=\"async\" width=\"722\" height=\"1024\" data-id=\"141\" class=\"wp-image-141\" src=\"https:\/\/xn--dobrosaw-cpb.pl\/wp-content\/uploads\/2023\/05\/Apel-Kornelia-osobno-722x1024.jpg\" alt=\"\" srcset=\"https:\/\/dobros\u0142aw.pl\/wp-content\/uploads\/2023\/05\/Apel-Kornelia-osobno-722x1024.jpg 722w, https:\/\/dobros\u0142aw.pl\/wp-content\/uploads\/2023\/05\/Apel-Kornelia-osobno-211x300.jpg 211w, https:\/\/dobros\u0142aw.pl\/wp-content\/uploads\/2023\/05\/Apel-Kornelia-osobno-768x1089.jpg 768w, https:\/\/dobros\u0142aw.pl\/wp-content\/uploads\/2023\/05\/Apel-Kornelia-osobno-1083x1536.jpg 1083w, https:\/\/dobros\u0142aw.pl\/wp-content\/uploads\/2023\/05\/Apel-Kornelia-osobno.jpg 1166w\" sizes=\"auto, (max-width: 722px) 100vw, 722px\" \/><\/figure>\r\n<\/figure>\r\n\r\n\r\n\r\n<figure class=\"wp-block-gallery has-nested-images columns-default is-cropped wp-block-gallery-3 is-layout-flex wp-block-gallery-is-layout-flex\">\r\n<figure class=\"wp-block-image size-large\"><img loading=\"lazy\" decoding=\"async\" width=\"768\" height=\"1024\" data-id=\"140\" class=\"wp-image-140\" src=\"https:\/\/xn--dobrosaw-cpb.pl\/wp-content\/uploads\/2023\/05\/IMG-20220803-WA0002-768x1024.jpg\" alt=\"\" srcset=\"https:\/\/dobros\u0142aw.pl\/wp-content\/uploads\/2023\/05\/IMG-20220803-WA0002-768x1024.jpg 768w, https:\/\/dobros\u0142aw.pl\/wp-content\/uploads\/2023\/05\/IMG-20220803-WA0002-225x300.jpg 225w, https:\/\/dobros\u0142aw.pl\/wp-content\/uploads\/2023\/05\/IMG-20220803-WA0002-1152x1536.jpg 1152w, https:\/\/dobros\u0142aw.pl\/wp-content\/uploads\/2023\/05\/IMG-20220803-WA0002.jpg 1200w\" sizes=\"auto, (max-width: 768px) 100vw, 768px\" \/>\r\n<figcaption class=\"wp-element-caption\">pomoc dla Szymona z dopiskiem dla Szymka<\/figcaption>\r\n<\/figure>\r\n<\/figure>\r\n\r\n\r\n\r\n<figure class=\"wp-block-image size-large\"><img loading=\"lazy\" decoding=\"async\" width=\"721\" height=\"1024\" class=\"wp-image-154\" src=\"https:\/\/xn--dobrosaw-cpb.pl\/wp-content\/uploads\/2023\/09\/apel-139-721x1024.jpg\" alt=\"\" srcset=\"https:\/\/dobros\u0142aw.pl\/wp-content\/uploads\/2023\/09\/apel-139-721x1024.jpg 721w, https:\/\/dobros\u0142aw.pl\/wp-content\/uploads\/2023\/09\/apel-139-211x300.jpg 211w, https:\/\/dobros\u0142aw.pl\/wp-content\/uploads\/2023\/09\/apel-139-768x1090.jpg 768w, https:\/\/dobros\u0142aw.pl\/wp-content\/uploads\/2023\/09\/apel-139-1082x1536.jpg 1082w, https:\/\/dobros\u0142aw.pl\/wp-content\/uploads\/2023\/09\/apel-139.jpg 1165w\" sizes=\"auto, (max-width: 721px) 100vw, 721px\" \/><\/figure>\r\n","protected":false},"excerpt":{"rendered":"<p>Dominik Tch\u00f3rzewski Kornelia Lig\u0119cka Szymon Szewczyk Karolina Zygmunt Artur Zujko Filip Kunda Klaudia Klimek Pawe\u0142ek Makowski Krzysztof Karpi\u0144ski Filip Jab\u0142o\u0144ski Kamil Obara Leon Rac\u0142awski Igor Kami\u0144ski &nbsp; Wszystkich opiekun\u00f3w ,kt\u00f3rych sytuacja \u017cyciowawymaga pomocy,z tytu\u0142u niepe\u0142nosprawno\u015bciruchowej swojego dziecka,braku \u015brodk\u00f3w na leczenielub rehabilitacje,prosimy o kontakt ; mail &#8211; dobroslaw2014@wp.pl lub listownie na adres; 20-306 Lublin,ul. Firlejowska 32<\/p>\n","protected":false},"author":1,"featured_media":0,"parent":0,"menu_order":0,"comment_status":"closed","ping_status":"closed","template":"","meta":{"footnotes":""},"class_list":["post-13","page","type-page","status-publish","hentry"],"_links":{"self":[{"href":"https:\/\/dobros\u0142aw.pl\/index.php?rest_route=\/wp\/v2\/pages\/13","targetHints":{"allow":["GET"]}}],"collection":[{"href":"https:\/\/dobros\u0142aw.pl\/index.php?rest_route=\/wp\/v2\/pages"}],"about":[{"href":"https:\/\/dobros\u0142aw.pl\/index.php?rest_route=\/wp\/v2\/types\/page"}],"author":[{"embeddable":true,"href":"https:\/\/dobros\u0142aw.pl\/index.php?rest_route=\/wp\/v2\/users\/1"}],"replies":[{"embeddable":true,"href":"https:\/\/dobros\u0142aw.pl\/index.php?rest_route=%2Fwp%2Fv2%2Fcomments&post=13"}],"version-history":[{"count":20,"href":"https:\/\/dobros\u0142aw.pl\/index.php?rest_route=\/wp\/v2\/pages\/13\/revisions"}],"predecessor-version":[{"id":303,"href":"https:\/\/dobros\u0142aw.pl\/index.php?rest_route=\/wp\/v2\/pages\/13\/revisions\/303"}],"wp:attachment":[{"href":"https:\/\/dobros\u0142aw.pl\/index.php?rest_route=%2Fwp%2Fv2%2Fmedia&parent=13"}],"curies":[{"name":"wp","href":"https:\/\/api.w.org\/{rel}","templated":true}]}}

https://dobrosław.pl/?page_id=13

<p>Dominik Tchórzewski</p>



<p><strong>K</strong>ornelia <strong>L</strong>igęcka</p>



<p><strong>S</strong>zymon <strong>Sz</strong>ewczyk</p>



<p><strong>K</strong>arolina <strong>Z</strong>ygmunt</p>



<p><strong>A</strong>rtur <strong>Z</strong>ujko</p>



<p><strong>F</strong>ilip <strong>K</strong>unda</p>



<p><strong>K</strong>laudia <strong>K</strong>limek</p>



<p><strong>P</strong>awełek <strong>M</strong>akowski</p>



<p><strong>K</strong>rzysztof <strong>K</strong>arpiński</p>



<p><strong>F</strong>ilip <strong>J</strong>abłoński</p>



<p class="has-primary-color has-text-color"><strong>K</strong>amil <strong>O</strong>bara</p>
<p><strong>Leon</strong> <strong>R</strong>acławski </p>
<p>Igor Kamiński</p>
<p><img loading="lazy" decoding="async" class="alignnone wp-image-281 size-large" src="https://dobrosław.pl/wp-content/uploads/IMG-1-724x1024.jpg" alt="Leon" width="580" height="820" srcset="https://dobrosław.pl/wp-content/uploads/IMG-1-724x1024.jpg 724w, https://dobrosław.pl/wp-content/uploads/IMG-1-212x300.jpg 212w, https://dobrosław.pl/wp-content/uploads/IMG-1-106x150.jpg 106w, https://dobrosław.pl/wp-content/uploads/IMG-1-768x1086.jpg 768w, https://dobrosław.pl/wp-content/uploads/IMG-1.jpg 1080w" sizes="auto, (max-width: 580px) 100vw, 580px" /></p>
<p>&nbsp;</p>



<p>Wszystkich opiekunów ,których sytuacja życiowa<br />wymaga pomocy,z tytułu niepełnosprawności<br />ruchowej swojego dziecka,braku środków na leczenie<br />lub rehabilitacje,prosimy o kontakt ; mail &#8211; dobroslaw2014@wp.pl lub listownie na adres; 20-306 Lublin,ul. Firlejowska 32</p>



<figure class="wp-block-gallery has-nested-images columns-default is-cropped wp-block-gallery-1 is-layout-flex wp-block-gallery-is-layout-flex">
<figure class="wp-block-image size-large"><img loading="lazy" decoding="async" width="1024" height="826" data-id="221" class="wp-image-221" src="https://dobrosław.pl/wp-content/uploads/2024/07/IMG-20240727-WA0007-1-1024x826.jpg" alt="" srcset="https://dobrosław.pl/wp-content/uploads/2024/07/IMG-20240727-WA0007-1-1024x826.jpg 1024w, https://dobrosław.pl/wp-content/uploads/2024/07/IMG-20240727-WA0007-1-300x242.jpg 300w, https://dobrosław.pl/wp-content/uploads/2024/07/IMG-20240727-WA0007-1-768x620.jpg 768w, https://dobrosław.pl/wp-content/uploads/2024/07/IMG-20240727-WA0007-1-1536x1239.jpg 1536w, https://dobrosław.pl/wp-content/uploads/2024/07/IMG-20240727-WA0007-1-1200x968.jpg 1200w, https://dobrosław.pl/wp-content/uploads/2024/07/IMG-20240727-WA0007-1.jpg 1600w" sizes="auto, (max-width: 1024px) 100vw, 1024px" />
<figcaption class="wp-element-caption">Dominik dzięki naszym akcjom i Państwa wsparciu,ciągle robi postępy.Rehabilitacja przebiega prawidłowo,podejmujemy też następny etap leczenia.</figcaption>
</figure>
</figure>



<figure class="wp-block-gallery has-nested-images columns-default is-cropped wp-block-gallery-2 is-layout-flex wp-block-gallery-is-layout-flex">
<figure class="wp-block-image size-large"><img loading="lazy" decoding="async" width="722" height="1024" data-id="141" class="wp-image-141" src="https://xn--dobrosaw-cpb.pl/wp-content/uploads/2023/05/Apel-Kornelia-osobno-722x1024.jpg" alt="" srcset="https://dobrosław.pl/wp-content/uploads/2023/05/Apel-Kornelia-osobno-722x1024.jpg 722w, https://dobrosław.pl/wp-content/uploads/2023/05/Apel-Kornelia-osobno-211x300.jpg 211w, https://dobrosław.pl/wp-content/uploads/2023/05/Apel-Kornelia-osobno-768x1089.jpg 768w, https://dobrosław.pl/wp-content/uploads/2023/05/Apel-Kornelia-osobno-1083x1536.jpg 1083w, https://dobrosław.pl/wp-content/uploads/2023/05/Apel-Kornelia-osobno.jpg 1166w" sizes="auto, (max-width: 722px) 100vw, 722px" /></figure>
</figure>



<figure class="wp-block-gallery has-nested-images columns-default is-cropped wp-block-gallery-3 is-layout-flex wp-block-gallery-is-layout-flex">
<figure class="wp-block-image size-large"><img loading="lazy" decoding="async" width="768" height="1024" data-id="140" class="wp-image-140" src="https://xn--dobrosaw-cpb.pl/wp-content/uploads/2023/05/IMG-20220803-WA0002-768x1024.jpg" alt="" srcset="https://dobrosław.pl/wp-content/uploads/2023/05/IMG-20220803-WA0002-768x1024.jpg 768w, https://dobrosław.pl/wp-content/uploads/2023/05/IMG-20220803-WA0002-225x300.jpg 225w, https://dobrosław.pl/wp-content/uploads/2023/05/IMG-20220803-WA0002-1152x1536.jpg 1152w, https://dobrosław.pl/wp-content/uploads/2023/05/IMG-20220803-WA0002.jpg 1200w" sizes="auto, (max-width: 768px) 100vw, 768px" />
<figcaption class="wp-element-caption">pomoc dla Szymona z dopiskiem dla Szymka</figcaption>
</figure>
</figure>



<figure class="wp-block-image size-large"><img loading="lazy" decoding="async" width="721" height="1024" class="wp-image-154" src="https://xn--dobrosaw-cpb.pl/wp-content/uploads/2023/09/apel-139-721x1024.jpg" alt="" srcset="https://dobrosław.pl/wp-content/uploads/2023/09/apel-139-721x1024.jpg 721w, https://dobrosław.pl/wp-content/uploads/2023/09/apel-139-211x300.jpg 211w, https://dobrosław.pl/wp-content/uploads/2023/09/apel-139-768x1090.jpg 768w, https://dobrosław.pl/wp-content/uploads/2023/09/apel-139-1082x1536.jpg 1082w, https://dobrosław.pl/wp-content/uploads/2023/09/apel-139.jpg 1165w" sizes="auto, (max-width: 721px) 100vw, 721px" /></figure>

<p>Dominik Tchórzewski Kornelia Ligęcka Szymon Szewczyk Karolina Zygmunt Artur Zujko Filip Kunda Klaudia Klimek Pawełek Makowski Krzysztof Karpiński Filip Jabłoński Kamil Obara Leon Racławski Igor Kamiński &nbsp; Wszystkich opiekunów ,których sytuacja życiowawymaga pomocy,z tytułu niepełnosprawnościruchowej swojego dziecka,braku środków na leczenielub rehabilitacje,prosimy o kontakt ; mail &#8211; dobroslaw2014@wp.pl lub listownie na adres; 20-306 Lublin,ul. Firlejowska 32</p>

https://dobrosław.pl/index.php?rest_route=/wp/v2/pages/13

https://dobrosław.pl/index.php?rest_route=/wp/v2/pages

https://dobrosław.pl/index.php?rest_route=/wp/v2/types/page

https://dobrosław.pl/index.php?rest_route=/wp/v2/users/1

https://dobrosław.pl/index.php?rest_route=%2Fwp%2Fv2%2Fcomments&post=13

https://dobrosław.pl/index.php?rest_route=/wp/v2/pages/13/revisions

https://dobrosław.pl/index.php?rest_route=/wp/v2/pages/13/revisions/303

https://dobrosław.pl/index.php?rest_route=%2Fwp%2Fv2%2Fmedia&parent=13
